test common factor of w and d?
17
Suppose -4*k = 5*r - 102, -48 = -2*r + k + k. What is the highest common factor of r and 22?
22
Suppose 3*i - 8*i = -825. Calculate the highest common factor of 66 and i.
33
Let k be (-2814)/(-39) + -4 + (-150)/(-39). What is the highest common factor of k and 16?
8
Let h be (-16)/12 - (-246)/9. Calculate the greatest common divisor of 13 and h.
13
Suppose -16*x = -12*x - 28. Calculate the greatest common divisor of 77 and x.
7
Suppose 2*k - k = 0. Suppose k = 3*d - 5*u - 43, 3*d - 2*u - 46 + 18 = 0. Let w be (-2)/4 - (-62)/4. What is the greatest common factor of w and d?
3
Let v = 17 - 15. Suppose -d = v*d - 81. What is the highest common divisor of d and 3?
3
Suppose 29 = 4*a + 4*h - 27, -3*a = -h - 26. What is the greatest common factor of 150 and a?
10
Let a = 13 - 19. Let f(d) = d**3 + 7*d**2 + 7*d + 7. Let s be f(a). Let r be (-146 - s)/(9/(-6)). Calculate the highest common divisor of r and 14.
14
Suppose 24*t + 168 = 28*t. What is the greatest common factor of t and 6?
6
Suppose b - 24 = -0*b. Suppose -b = -d - d. Suppose -d = -3*q + 6. Calculate the highest common divisor of q and 4.
2
Suppose 4*i = -0*i + 28. Let q = 5 - i. Let t be q/8 - 260/(-16). Calculate the highest common factor of 24 and t.
8
Let f(k) = k**3 + 2*k**2 - k. Let a be f(-3). Let i be ((-46)/4)/(3/a). Calculate the highest common divisor of 23 and i.
23
Let y(q) be the third derivative of q**4/3 + 3*q**2. Let l be y(2). Calculate the highest common divisor of l and 2.
2
Suppose -92 = 2*j - 2*u + 4, j - 4*u = -33. Let p = 118 + j. What is the greatest common divisor of 13 and p?
13
Suppose 350 = 4*h + h. Suppose 2*t - 7*t = -h. What is the greatest common factor of 28 and t?
14
Let t = 38 + -26. Calculate the greatest common factor of 3 and t.
3
Let u(k) = -6*k + 6. Let h be -1*((-6)/(-3) + 1). Let m be u(h). What is the greatest common factor of 36 and m?
12
Let h(s) = -11*s**3 + s**2 + s. Let r be h(-1). Calculate the greatest common divisor of r and 55.
11
Suppose -6*c = -c - 60. What is the highest common factor of c and 84?
12
Let k(b) = b**2 - b + 4. Let o be k(3). Let w be (-2)/o - 41/(-5). Let j(z) = -17*z + 4. Let r be j(-4). Calculate the greatest common factor of w and r.
8
Suppose 3*x - 446 = 4*j, x + 2*j - 97 = 55. Calculate the greatest common divisor of 60 and x.
30
Let f(x) = x**3 - x**2 - 1. Let n be f(0). Let o(m) = -1 + 4*m + 2*m**2 + 0*m**2 - 5*m. Let q be o(n). Calculate the highest common factor of 1 and q.
1
Let s be (1 - (12 + 1))/(-1). Let g = -6 - -12. Suppose h + 182 = 4*w + g*h, 194 = 4*w - h. Calculate the highest common divisor of s and w.
12
Let r(i) = -i**2 + 7*i + 10. Let h be r(8). Suppose -5*c - h*f + 78 = -f, 0 = 5*c - f - 82. What is the greatest common divisor of c and 16?
16
Let u = -45 + 49. Calculate the highest common factor of 28 and u.
4
Let m be -2 - 2*33/(-3). What is the greatest common divisor of m and 4?
4
Let s(w) = w**2 + 5*w - 2. Suppose 24 = 5*a - 2*l, -l = -2*a + 6 + 4. Suppose -3*v - 28 = -a. Let i be s(v). Calculate the greatest common divisor of 11 and i.
11
Let t = 288 - 48. What is the highest common factor of 30 and t?
30
Suppose -9*t - 4 = -13*t. Calculate the highest common factor of 2 and t.
1
Suppose -2*l - j = 3*j + 16, -l + j = -7. Let g be (3/l)/((-12)/(-416)). Let x = -7 + g. What is the greatest common divisor of 9 and x?
9
Let k be (-7)/(-28) + 362/(-8). Let p = k - -67. What is the greatest common factor of 2 and p?
2
Let q = 16 + -7. Let d be 9*(-1 + 2/6). Let x = 3 - d. What is the greatest common factor of x and q?
9
Let f = -29 + 53. Suppose 24 = 29*q - 26*q. What is the highest common factor of f and q?
8
Let a = -14 + 14. Suppose 0 = 3*t - 12, a*x = 3*x - t - 656. Calculate the highest common divisor of 20 and x.
20
Let l = -10 + 12. Suppose -25 = -4*i - i. Suppose -l*n + 2 = i*w, -3 = 4*w - 5*n - 31. What is the highest common factor of 18 and w?
2
Let s be 2 - (3 - 3 - 4). Let h(i) = -i**3 + 7*i**2 - 2*i + 6. Let c be h(s). What is the highest common divisor of c and 3?
3
Let b(r) = 2*r. Let o be b(5). Suppose 0 = -7*k + o*k - 3. Calculate the greatest common factor of 8 and k.
1
Let s = -89 + 95. What is the highest common divisor of s and 4?
2
Suppose q + 4*q = 250. Let z = 0 - -10. Suppose 0*b + z = b. What is the greatest common divisor of q and b?
10
Let u(r) = -4*r**3 + 2 + 3*r**3 - 5*r**2 + 12 + 8*r - 2. Let x(w) = 3*w - 2. Let l be x(-2). Let m be u(l). Calculate the greatest common divisor of m and 20.
20
Let s = -1 + 31. Let t(f) = 3*f**2 - 2*f - 1. Let w be t(-2). What is the highest common divisor of s and w?
15
Let w be (16/(-6))/((-2)/9). Let k be ((-40)/2)/(1*-2). Let a be ((-4)/k)/((-2)/180). What is the greatest common factor of w and a?
12
Suppose 29 = 3*f - 31. Suppose 2*j + 3*c = -3, -f = 8*c - 4*c. Suppose 0*r + j = r. What is the highest common factor of 66 and r?
6
Let n be (1/(-2))/(9/(-216)). Calculate the highest common divisor of 96 and n.
12
Let h = 10 + -6. Suppose -4 = -4*j + 2*r, -2*j - 3 = h*r - 5. Suppose o = 3*v + 10, 2*o - 8 = -3*v + 3. What is the highest common divisor of j and o?
1
Let p = 0 + 20. Calculate the greatest common divisor of 5 and p.
5
Let o be 174 + 4*1/2. Let r be (-3)/(-6)*64*1/2. Calculate the greatest common factor of r and o.
16
Let b be 5 + 3/(-6)*-2. Calculate the greatest common divisor of b and 66.
6
Let m(l) = -l**2 - 11*l + 10. Let y be m(-12). Let s(u) = -2*u**3 + 3*u + 1. Let q be s(y). Calculate the highest common divisor of 33 and q.
11
Let l(x) = x**2 - 7. Let q be ((-15)/(-2))/3*2. Let j be l(q). What is the highest common divisor of 12 and j?
6
Let g = 26 - 11. Calculate the greatest common factor of 165 and g.
15
Let b = 21 + -16. Suppose -o + m + 11 = o, 0 = b*o - 5*m - 35. Calculate the highest common factor of o and 8.
4
Let c = 62 + -27. Calculate the greatest common divisor of c and 70.
35
Let x(l) = l**2 + 2*l + 1. Let n be x(-1). Suppose 5*o = 2*p - 5*p + 70, n = -p + 2*o + 16. What is the highest common divisor of p and 5?
5
Let n = 52 - 34. Suppose 3*z - i - 1 = 0, -2*z + 2*i + 2 = -0*i. Suppose z = 2*g - g - 144. Calculate the greatest common factor of g and n.
18
Let m = -4 + 3. Let h = m + 34. What is the greatest common factor of 11 and h?
11
Let f be (-12)/(-8) + (-1)/(-2). Suppose 3*w = 4*p + 12, 4*w - 8 = f*w - p. Suppose 0 = 4*q - 0 - w. What is the highest common factor of q and 7?
1
Suppose 0 = 2*m - 4*m + 10. Suppose 4*f = 4*a - 56, m*a + 3*f - 61 = -15. Calculate the greatest common divisor of a and 88.
11
Let w = 235 + 103. Suppose -w = -3*s + 4. Calculate the greatest common factor of s and 19.
19
Let w(i) = 4*i + 3. Let r be w(-4). Let a be -1*(2 + 1) - r. Calculate the greatest common divisor of 15 and a.
5
Let t = -40 - -73. Suppose 0 = 2*f - 4*f. Let n be (f - (-1)/2)*22. Calculate the greatest common divisor of t and n.
11
Let j = -31 + 61. What is the greatest common factor of j and 270?
30
Let x be 2/1*(-268)/(-8). Let d = -3 + x. Suppose -d = 2*l - 4*l. What is the highest common divisor of l and 16?
16
Suppose -5*p = -27 - 8. Calculate the highest common divisor of 7 and p.
7
Suppose 4*k - k - 4*p = 83, 0 = 2*k - p - 57. Suppose -3*g - j + 15 = 0, 7*g - 2*g = -3*j + k. What is the highest common divisor of 16 and g?
4
Suppose a - i - 8 = -4*a, 4*a - 18 = -5*i. Suppose -2*p + 38 = a*q, -5*p + 0*q + q = -107. Calculate the greatest common factor of p and 21.
21
Let h(a) = -a**3 - 7*a**2 + 6*a - 2. Let b be h(-8). Suppose 0*r + 3*r - 21 = -3*x, -3*r = -3*x + 9. Calculate the greatest common divisor of r and b.
2
Suppose -v - 236 = 3*n - 0*v, 4*n = 3*v - 332. Let i be 27/18*n/(-6). Calculate the highest common divisor of i and 4.
4
Let t be 8/(-10)*(-50)/4. What is the greatest common divisor of t and 5?
5
Suppose 4*b - 12 = 0, -3*i - 6*b = -2*b - 24. Suppose i*s - 3*s - 7 = 0. Let w = s + 1. Calculate the greatest common factor of 16 and w.
8
Suppose 9*v - 7*v - 44 = 0. Let w be 2*16 - 1/(-1). Let i = w - v. What is the greatest common factor of i and 55?
11
Let z(g) = -g**2 + 8*g + 5. Suppose 0 = 5*w + 4*v - 40, 3*w - 3*v + 4 - 28 = 0. Let c be z(w). What is the greatest common factor of 45 and c?
5
Let w be ((-2)/6)/(2/(-18)). Suppose -6 = -g - g - 